*a + 9. Let o be h(x). Suppose -9*y = -o - 112. List the prime factors of y.
89
Suppose 2*r - i - 16656 + 4001 = 0, -9*r - i = -56942. List the prime factors of r.
3, 19, 37
Let d(a) = -70*a**2 + a + 1. Let k(g) = -g**3 - g**2 + 2*g - 1. Let z be k(-2). Let w be d(z). What are the prime factors of 606/2 + w/(-14)?
2, 7, 11
Let n(i) = 101*i**3 + i - 2. Suppose -a + 6 = 2. Let o be a + 0 + -2 + (-2 - -1). List the prime factors of n(o).
2, 5
List the prime factors of 2/13 - (3 - (-1232658)/(-182)).
2, 5, 677
Let f = 8231 + -7129. List the prime factors of f.
2, 19, 29
Let z = 5339 - 1087. Suppose 0 = x + 4, 3*x + z = 3*b + 1276. What are the prime factors of b?
2, 13, 19
Let z = -1675 - -13246. What are the prime factors of z?
3, 7, 19, 29
Let n(i) = -4*i - 100. Let g be n(-27). Suppose -2*q = g*q - 1720. What are the prime factors of q?
2, 43
Let o(f) = -f**3 - 11*f**2 + 4*f - 29. Let d be o(-12). What are the prime factors of (d/(-4))/(8/(-160))?
5, 67
Let q = -20326 - -50397. What are the prime factors of q?
30071
Let f = 71208 - 45522. List the prime factors of f.
2, 3, 1427
Let q(l) = -2*l**3 + 24*l**2 + 6*l - 19. Let s be q(13). Let h = s + 372. List the prime factors of h.
3, 31
Suppose c = -4*c - 55. Let p = 170 + -143. Let g = c + p. List the prime factors of g.
2
Let b = 1773 + -1048. List the prime factors of b.
5, 29
Let s(v) = -82*v**2 + 9*v + 3. Let j be s(-2). Let f = -183 - j. List the prime factors of f.
2, 5
Suppose -3*k + 2*f + 228 + 183 = 0, 0 = -4*k - 2*f + 562. Let l = k + -31. List the prime factors of l.
2, 3
Let b = -176 - -192. Let h = 394 - b. What are the prime factors of h?
2, 3, 7
Suppose -b = -0*b - 34. Suppose -14 + b = 5*i. Suppose 0 = i*u - 3*k - 377, 0*k = -3*u - 4*k + 289. What are the prime factors of u?
5, 19
Let r(d) be the first derivative of -d**3/3 + 6*d**2 - 13*d + 11. Let g be r(11). List the prime factors of g/4*0/2 - -3.
3
Suppose 301524 = 43*k + 16520. List the prime factors of k.
2, 1657
Let s(g) = 5*g**2 - 4*g + 1. Let o be s(1). Suppose 4*r = 16, -r + o*r + 1052 = 3*x. List the prime factors of x.
2, 11
Suppose 55*y + 1392 = 7*y. Let c(l) = l**2 + 8*l + 133. What are the prime factors of c(y)?
2, 7, 53
Let z(b) = b**2 + 9*b + 346. List the prime factors of z(55).
2, 1933
Let t(r) = r**3 - 19*r**2 - 278*r + 93. List the prime factors of t(34).
23, 347
Let t = 40 + -33. Suppose 482 + t = q. List the prime factors of q.
3, 163
What are the prime factors of (-7060)/(-2) + ((-4)/(-4))/(1/7)?
3, 131
Let k = 5 + 63. Let g = k - 51. Let a(h) = 6*h + 28. What are the prime factors of a(g)?
2, 5, 13
Let p = -56488 + 91459. What are the prime factors of p?
3, 11657
Let r(q) = -905*q + 506. List the prime factors of r(-26).
2, 3, 2003
Suppose -5*d - 228 = -13. Let m = 48 + d. Suppose -m*z + 489 = -2*x, -6 = -0*x - 2*x. List the prime factors of z.
3, 11
Suppose -6*m + 5*m = 0. Let q be (-72)/(-27)*(m + 3). What are the prime factors of q + (1/(-2))/(2/(-4))?
3
Let t be (-6)/(-4 - -2)*(0 + 21). List the prime factors of (-168)/t*((-835)/4 + 1).
2, 277
Let i = 98 - 78. Suppose -3*p = i*p - 9384. What are the prime factors of p?
2, 3, 17
Let b = -41749 + 83186. List the prime factors of b.
11, 3767
Suppose 0 = 7*f + 2*f - 1296. Let b = 146 - f. Let t(v) = 22*v**2 + 4*v - 12. List the prime factors of t(b).
2, 3, 7
Let q = 147 + -145. Suppose 0 = q*m, -z + 2*m + 100 = -0*z. What are the prime factors of z?
2, 5
Suppose -9*r + 78 + 12 = 0. Let j(i) = 11*i**2 - 12*i + 87. List the prime factors of j(r).
11, 97
Suppose -14*d + 9*d + 5*a + 410 = 0, -a - 313 = -4*d. Suppose 2*m - 629 + d = 0. What are the prime factors of m?
2, 3, 23
Suppose 89*b - 40930 - 115792 = 56433. What are the prime factors of b?
5, 479
Let f(r) = 123*r**2 - 117*r + 1551. What are the prime factors of f(13)?
3, 257
Let t = 6415 + -2994. Let k = -2365 + t. List the prime factors of k.
2, 3, 11
Suppose -538884 = -279*i - 258*i + 501*i. List the prime factors of i.
14969
Suppose 4900320 = 130*n + 34*n. What are the prime factors of n?
2, 3, 5, 83
Suppose 0 = 5*y - 4*a - 49, 0 = y + 4*a - 0*a - 5. Suppose -3892 = -y*l + 4199. List the prime factors of l.
29, 31
Suppose -36*u - 9658034 = -232*u + 92182. What are the prime factors of u?
2, 3, 8291
Suppose 0 = -4*z + 2*p + 87180, 0 = -2*z + 2*p + 2308 + 41278. What are the prime factors of z?
71, 307
Suppose 4*i - 8*i + 338 = 3*v, 0 = 4*i - 5*v - 354. Suppose 90*b - 3936 = i*b. Suppose -b - 201 = -5*j. What are the prime factors of j?
3, 79
Let b be 20/(-50) + 34806/15. Suppose -b = 5*t - 9*t + i, -2901 = -5*t + i. What are the prime factors of t?
7, 83
Let k be 24/(-36) - (-58)/6. What are the prime factors of 39770/90 + k + 2/18?
11, 41
Let x = 10872 - 5582. Suppose -593 = 7*q - x. List the prime factors of q.
11, 61
Let i(x) = 598*x**2 - 6*x - 9. Let m(c) = -399*c**2 + 4*c + 6. Let n(l) = 5*i(l) + 7*m(l). Let y be 21/(-15) - 8/(-20). What are the prime factors of n(y)?
2, 7
List the prime factors of ((-54)/(-2))/((-8)/(-5235 + -5)).
3, 5, 131
Suppose -2*o = 3*n - 32360, -10810 = -57*n + 56*n + 4*o. List the prime factors of n.
2, 5, 13, 83
Let a(m) = -m**2 - 7*m + 14. Let v be a(-7). Let r = -9 + v. Suppose 4*j - j + 3*q - 45 = 0, 3*q = r*j - 99. What are the prime factors of j?
2, 3
Suppose 4*g = 3*y + 99774, -3*g = -4*y - 89371 + 14530. What are the prime factors of g?
3, 17, 163
List the prime factors of 4970/(-42)*-60 - 2.
2, 3, 7, 13
Suppose -b - 34932 = -4*t, 3*t + 5*b - 5363 = 20882. List the prime factors of t.
5, 1747
Let s(m) = 1 + 4864*m - 4866*m + 98*m**3 - m**2 - 3 - 427*m**3. What are the prime factors of s(-1)?
2, 41
Suppose -2*f - 4*n + 148 = 0, -3*f + 2*n + 101 + 97 = 0. Let j = -69 + f. List the prime factors of (3 - -93) + (-1)/(-2 - j).
97
Let w(f) = -f**3 + 9*f**2 - 7*f - 5. Let s be w(8). Suppose 0 = -2*d + s*g + 9, -d - 3*g - 27 = -5*d. What are the prime factors of ((-60)/d)/((-5)/30)?
2, 5
Suppose 4*z - 7700 = 4*v, 4*z = 2*v + 3876 + 3812. What are the prime factors of z?
19, 101
What are the prime factors of -11 + (-5937)/9*-39?
2, 3, 2143
Let b(h) = 2*h**3 - 9*h**2 - 21*h - 39. Suppose -14*y = -40 - 100. What are the prime factors of b(y)?
23, 37
Suppose 3423252 = 54*j + 11*j + 19*j. What are the prime factors of j?
83, 491
Suppose 2*o + 0*o - 482 = -3*c, 2*c = -2*o + 324. Let y be -2*((-26)/14 - (-10)/(-70)). What are the prime factors of y/(-14) - c/(-14)?
11
Suppose -258 = 2*n - 450. Suppose -2*r = -164 - n. List the prime factors of r.
2, 5, 13
Let u(l) be the second derivative of -7*l**3 - 69*l**2/2 + 52*l - 2. What are the prime factors of u(-7)?
3, 5
Let s be -5*((-354)/(-5) + 0). Let l = s - -560. What are the prime factors of l?
2, 103
Let t be 0 - -299 - 42/(-21). Suppose 8*d - t = 507. What are the prime factors of d?
101
Suppose -55*p + 856190 = 222315. What are the prime factors of p?
5, 461
Let x be 3/((-6)/(-42) + 0). What are the prime factors of x/56 + 4317/8?
2, 3, 5
Let l be 12/2*1/2. Suppose -4*w + 3*i + 0*i = -97, -5*i + 51 = l*w. Suppose g - w - 8 = 0. List the prime factors of g.
2, 3, 5
Let c = 50 + -44. Suppose 0*x - c*x = -342. Let z = x + -26. What are the prime factors of z?
31
Let g(t) be the first derivative of t**6/360 + t**5/60 - 11*t**4/24 - 40*t**3/3 + 11. Let m(x) be the third derivative of g(x). List the prime factors of m(-5).
2
Let o(q) = 4*q - 128. Let f be o(32). Suppose k - 5 = f, -3*k - 773 = -3*h - h. What are the prime factors of h?
197
What are the prime factors of (-2)/(-4) - (-487893)/42?
11617
Let y be ((-80)/100)/(2/90). Let o = 168 + y. Suppose 7*q = 11*q - o. What are the prime factors of q?
3, 11
Suppose -4*f + 181594 = 5*h - 40649, 0 = -f + 7. What are the prime factors of h?
7, 907
Suppose -147221 - 267197 = 21*m - 130*m. What are the prime factors of m?
2, 1901
Let s = 1 + 13. Suppose 3*q - 104 = -23*q. Suppose -4*r + q*y - 4 = 0, -s = -r - 2*y - 0. What are the prime factors of r?
2
Let r(t) = 375*t**2 - 14*t + 63. What are the prime factors of r(4)?
6007
Let x be 6*(4 - 5) - 1. Let a(i) = 5*i + 33. Let h be a(x). What are the prime factors of ((h - -2) + 36)*2?
2, 3
Let m(a) = 10*a - 7 - 265*a - 3. List the prime factors of m(-1).
5, 7
Suppose -4*p + 181756 = 4*k, -49*p + 53*p = 4*k + 181796. List the prime f